g**3 + 12*g**2 + g - 9. Let q be m(a). Let y(p) = 34*p - 5. Is y(q) composite?
False
Let f(w) = -38*w + 7. Let p be f(8). Let q = p - -488. Is q a prime number?
True
Suppose -4*w = 2*c - 18700 + 3698, -2*c - w + 14990 = 0. Is c prime?
False
Let a(z) = 6*z**2 + 20*z - 3. Let s be a(-5). Suppose -4*w + 1832 = -2*d, -5*w + 945 = 2*d - 1363. Suppose 0 = t - w + s. Is t composite?
True
Suppose -3*a = 2*a + 3*o - 79636, -47781 = -3*a - 2*o. Is a composite?
True
Let i(b) = b**3 - 14*b**2 - b - 2. Let c be i(14). Is ((-84)/(-22) - c/88) + 2457 prime?
False
Let f = 1041 + -630. Suppose t + 38 - f = 0. Is t composite?
False
Is (432885/(-45))/((-1)/3) prime?
True
Suppose -1835 - 923 = -14*u. Suppose 2*d + 58 = d. Let b = d + u. Is b a prime number?
True
Let b be (-1 - -9)*7/2. Let f be 7/(b/(-16)) + -1. Is (-4 - f)/(2/18) a composite number?
True
Suppose 92046 - 217494 = -24*n. Is n a prime number?
True
Suppose -3*c - 9 = 4*f - 1, 4 = 5*c - 2*f. Suppose -3*h - 22 + 316 = c. Suppose n - 93 = -2*l - 4*n, -4*n = 2*l - h. Is l composite?
False
Is 10 + (9 - 5) + 1547 prime?
False
Let r(q) = q**2 + q - 17. Let l be r(-5). Suppose 0 = -5*c - l*i + 2430, 5*c + 469 = 3*i + 2929. Is c composite?
True
Let c(y) be the first derivative of -y**4/4 + y**3 + 6*y**2 + 5*y - 7. Is c(-6) prime?
True
Suppose -2*z - 282 = -o + 138, 3*o - z = 1265. Is o composite?
True
Let n(d) = -759*d - 1. Suppose 8*l + 7 = -1. Is n(l) composite?
True
Suppose 5*y + 86390 = 4*l, 0*y + 3*y + 3*l + 51807 = 0. Let m = y - -5762. Is (-4)/(-22) + m/(-88) prime?
True
Let j(a) = -a**2 + 9*a + 2. Suppose 2*y + 5 = -z + 22, 0 = -4*z - 3*y + 48. Let h be j(z). Suppose h*n - 32 = 42. Is n composite?
False
Is (-59)/(4 + (-4077)/1017) prime?
False
Let n be (-84)/(-16) + -5 + (-30)/(-8). Let r = n + 181. Is r composite?
True
Let o(w) = -6*w**3 - w**2 + w + 3. Let t(a) = 9*a**3 + a**2 - 2*a - 4. Let r(y) = -7*o(y) - 5*t(y). Is r(-4) prime?
True
Let v(s) = s - 5. Let f be v(5). Suppose f*o - 4 = -2*o. Suppose o*t + 0*t - 178 = 0. Is t prime?
True
Let m = 8837 + -5820. Is m a prime number?
False
Suppose -26*q + 33098 = -25064. Is q composite?
False
Let z = 4983 + -2500. Is z a composite number?
True
Let s(v) be the first derivative of -1/4*v**4 + 10/3*v**3 + 11*v - 9/2*v**2 - 5. Is s(9) a composite number?
False
Let b = -1888 - -3989. Is b composite?
True
Suppose 9*t - 12372 = -3*t. Is t composite?
False
Let g = -228 - 262. Let m = g - -777. Is m prime?
False
Let w = 19404 - 12121. Is w a composite number?
False
Suppose 4*q - 2*t - 12 = -4, -5*q = 4*t - 23. Let w = q + -11. Let m(s) = -s**2 - 8*s + 4. Is m(w) a prime number?
False
Suppose 4*z - 2026 = 2*w + 640, 0 = -4*z - 5*w + 2701. Is z prime?
False
Suppose 2*r + 3*y = 16697, 0*r - 41733 = -5*r + 2*y. Is r composite?
True
Suppose z + 5 = 0, 5*z - 5 = -2*b + 4*b. Is ((-197)/(-4))/(b/(-120)) a prime number?
False
Let o = -2 + 20. Suppose 2*r - 3 = d + 8, -3*r = -d - o. Is 129 - -1 - (10 - r) a prime number?
True
Is 686111/174 - 1/6 a composite number?
False
Let f(z) = 1009*z**2 + 5*z - 5. Is f(1) prime?
True
Suppose 0*z + 2*z = -12. Is 2/z + 474/18 a composite number?
True
Let u(n) = -209*n - 13. Let i(p) = -p. Let z(v) = 3*i(v) - u(v). Let t be z(6). Suppose 0*f - f + t = 5*s, 2*s = -2*f + 506. Is s a prime number?
False
Let z(q) = -1620*q**3 - q**2 - 12*q - 27. Is z(-2) prime?
True
Let u(p) = 18*p**2 + 4*p - 3. Let r = 29 - 36. Is u(r) composite?
True
Let f(y) be the second derivative of 5/6*y**4 + 0 - 1/20*y**5 - 4*y**2 - 6*y + 5/3*y**3. Is f(9) prime?
True
Suppose 0 = t - c + 1, -5*c - 9 + 28 = 2*t. Suppose -5*g + 9 = v, -t*v - 2*v = -5*g + 14. Is g*2/(-4)*-233 composite?
False
Let s(g) = 39*g**2 - 15*g**2 - 3 - 2*g + 3*g. Is s(2) a prime number?
False
Let u be 12871/8 + (-7)/(-56). Suppose u = 4*x - 3*g, 0*x - x + 3*g = -391. Suppose 2*k + a = 2*a + 249, 3*k + 5*a - x = 0. Is k a composite number?
False
Suppose -20*i + 10 = -15*i. Suppose -i*q + 4*q = 218. Is q prime?
True
Suppose 5*v - 52 = 123. Let a = v + 372. Is a a prime number?
False
Is (-55)/(-440) + (-120645)/(-24) a composite number?
True
Let b = 16840 - 7923. Is b a composite number?
True
Let i = 5687 + 996. Is i prime?
False
Let p = -13 - 539. Let g = 1271 + p. Is g a prime number?
True
Let v be 1*(43 - (-1 + -1)). Let r be v/(-6)*(-40)/(-6). Let k = 213 + r. Is k a prime number?
True
Let t(w) = -w**3 - 4*w**2 + 5*w - 10. Let h be t(-5). Let j(v) = v**2 - v + 6. Let u be j(0). Is (h/(-4))/(u/276) a prime number?
False
Let k(i) = i**2 - 7*i + 9. Let y be k(6). Suppose y*n = 40879 - 11266. Is n composite?
False
Let q(r) = 197*r**2 - 26*r - 116. Is q(-5) a composite number?
True
Is (-44)/(-33) - 15801/(-9) a prime number?
False
Let o be (-12)/16 - 19/(-4). Let v be -1 - (-1)/(o - 3). Is 40 + v - 3/1 prime?
True
Let s(k) = 2*k**3 - 3*k**2 + 7*k + 6. Let a be s(-5). Let x = a - -673. Is x composite?
True
Suppose 5*a - 32 = -2. Let f(s) = 13 - 7*s - 2*s + s**3 + 4*s - 8*s + 3*s**2. Is f(a) a prime number?
False
Let h = -116 - -122. Is ((-2229)/15)/(h/(-30)) a prime number?
True
Let l(j) = 5*j**3 - 7*j**2 - 2*j + 14. Let x(z) = 4*z**3 - 7*z**2 - z + 13. Let h(w) = -5*l(w) + 6*x(w). Let k be h(-7). Let r = k - -43. Is r prime?
True
Let y = 13 + -8. Suppose -y*b + 1008 = 323. Suppose k = b + 198. Is k composite?
True
Let q = 24 - 20. Suppose q*k = 2*k + 606. Is k a composite number?
True
Let l = -107 + 106. Is (-2)/(l*2/22) a prime number?
False
Let s(y) = -9 + 5*y**2 + 4*y**2 - 5*y**2 - 2. Let p be s(5). Suppose -2*r + r + p = 0. Is r prime?
True
Suppose 4*u + 5*d = 5*u - 21238, 0 = 2*d - 10. Is u prime?
False
Let r = -58901 + 115272. Is r a prime number?
False
Suppose -2*f + 1 = 3. Let k(x) = -84*x**2 + 94*x**2 + 120*x**2 + 3*x + 2. Is k(f) a prime number?
False
Suppose -3*i - 2*y - y = 0, 28 = 5*i - 2*y. Is (-3 + i)*(190 - 5) prime?
False
Suppose -d = -3*b + 18200 + 24118, -4*d = -12. Is b a prime number?
True
Suppose 0 = 5*b - 4*q + 9*q + 2240, b = 4*q - 438. Let t = b - -979. Is t composite?
True
Let l(j) = 21*j**2 - j - 14. Let w be l(-5). Let i = -123 + w. Suppose 36*b + i = 39*b. Is b a prime number?
True
Let v be (-1 + 1)/(-11 + 12). Suppose v = -2*h + 437 + 145. Is h prime?
False
Suppose -2*a = -5*p - 8, 2*p + a = -2*a + 12. Suppose u + p = 3. Suppose -o - u*o = -1172. Is o a prime number?
True
Let j be (-32)/(-48) + 800/6. Suppose -r - r - u = -j, 2*u = -3*r + 201. Is r prime?
True
Let p(n) = 30*n**2 + 5*n + 1. Let q be p(-5). Is (q/4 - 2)/((-12)/(-120)) composite?
True
Let p(v) = 2*v - 9. Let l be p(6). Suppose -32 = u - l*u. Let r = u - 13. Is r a prime number?
True
Let q(t) = 64*t - 83. Is q(31) a composite number?
False
Suppose -4*p - 3*t = -108484, p - 2*t = -4*t + 27121. Is p a composite number?
True
Let c(l) = 47*l + 19. Let s be c(7). Suppose -5*a + 3*a - i = -231, 3*i - s = -3*a. Is a a composite number?
True
Let g(m) = m**3 + m**2 - 2*m + 1. Let j be g(1). Let i be -1 - (-2 + -2) - j. Suppose 3*t = -s + i*t + 252, -2*s + 505 = 3*t. Is s a prime number?
True
Let o(k) = 68*k**3 - 2*k**2 - 4*k + 5. Let w(t) = -t + 5. Let l be w(3). Is o(l) a prime number?
False
Let a(z) = -5*z**3 + 12*z**2 - 19*z + 4. Let p be a(13). Let u = 13557 + p. Is u composite?
False
Let z = 2204 + 8163. Is z composite?
True
Suppose -7*n = 12*n - 1169089. Is n a prime number?
False
Let i be (-15 - -17)*(-6 + 1). Is (i - -12)*110/4 a prime number?
False
Let g = -4512 - -7261. Is g a composite number?
False
Let y(m) = -2*m + 23. Let l be y(8). Suppose -l*a + 11*a - 20284 = 0. Is a a composite number?
True
Let h(f) = -f + 119. Let s be h(0). Let d(k) = 48*k - 120. Let x be d(3). Suppose -v + s = x. Is v a composite number?
True
Let y(t) = 7*t**3 - 12*t**2 - t - 11. Let j(g) = -7*g**3 + 11*g**2 + 10. Let q(z) = 6*j(z) + 5*y(z). Is q(-5) prime?
False
Suppose -13*v = -14*v - 2*f + 3051, 5*v - f = 15200. Is v a prime number?
True
Let t(w) = -6*w**3 + 3*w**2 + w - 3. Let c be t(-2). Let g = c + -2. Is g prime?
True
Let i = 3 - -3. Suppose 0 = -i*o + 4*o + 6. Suppose -6*a + 756 = -3*a + o*b, -4*a + 1009 = 5*b. Is a composite?
False
Suppose -3*o + 142290 = -2*u, 5*o = o + 3*u + 189719. Let h be o/(-64) - (-1)/8. Let d = h + 1040. Is d a prime number?
False
Suppose -3*p - 2*p + 267181 = 3*w, -267167 = -5*p + 4*w. I